ulate c(4).
-481
Let u(v) = -4*v**2 + 42*v + 13932. Calculate u(-54).
0
Let n(s) = s**3 - 128*s**2 + 1896*s - 105. What is n(111)?
894
Let m(h) = 3071*h**2 - 8825*h + 8825. Determine m(1).
3071
Let c(m) = m**3 - 12*m**2 - 201*m + 340. What is c(19)?
-952
Let p(j) = -j**2 - 47293*j - 803683. Give p(-17).
9
Let k(f) = -2*f**2 + 523*f + 1836. Give k(265).
-19
Let q(h) = 39*h**3 - 5*h**2 - 148*h - 426. Give q(-3).
-1080
Let a(f) = 673*f + 116441. Calculate a(-173).
12
Let i(j) = 2*j**3 + 295*j**2 - 437*j + 444. What is i(-149)?
-1046
Let b(s) = -2*s**2 - 597*s - 8696. Determine b(-15).
-191
Let z(h) = h**3 + 14*h**2 + 49*h + 52. Determine z(-5).
32
Let r(v) = 1329*v + 64180. Determine r(-48).
388
Let a(t) = t**3 + 48*t**2 + 4*t + 134. Give a(0).
134
Let b(l) = 8*l**2 - 46*l - 111. Determine b(0).
-111
Let c(k) = 2*k**3 + 96*k**2 - 7*k - 492. Calculate c(-48).
-156
Let o(v) = 13*v**2 + 25373*v + 252430. Calculate o(-10).
0
Let p(d) = 82986*d - 248965. Determine p(3).
-7
Let p(j) = -3*j**3 + 1732*j**2 + 3064*j - 97850. Give p(579).
1
Let l(t) = t**3 + 381*t**2 - 28483*t + 191. Give l(64).
-1
Let q(i) = -35875*i + 251198. Give q(7).
73
Let k(u) = 175543*u + 8601613. What is k(-49)?
6
Let i(x) = x**3 - 45*x**2 - 817*x + 3356. Determine i(59).
3887
Let b(d) = -d**3 - 24*d**2 - 76*d + 354. Give b(-19).
-7
Let o(z) = 305*z**2 - 2750*z + 5512. Determine o(2).
1232
Let t(a) = -2*a**3 - 745*a**2 - 357*a + 5579. Determine t(-372).
-1
Let j(f) = -4749*f + 33543. What is j(7)?
300
Let t(z) = 29*z**3 - 9*z**2 + 13*z + 31. Determine t(2).
253
Let q(b) = 19993*b - 59942. Determine q(3).
37
Let i(b) = 5*b**2 - 527*b + 13725. Give i(47).
1
Let k(m) = 5687*m + 5345. Determine k(-1).
-342
Let t(p) = 64*p**2 - 27*p - 7. Determine t(-2).
303
Let d(g) = -44*g**3 + 52*g**2 + 174*g + 23. What is d(-4)?
2975
Let q(s) = 4*s**3 - 213*s**2 + 659*s - 435. What is q(50)?
15
Let c(w) = w**3 + 58*w**2 - 974*w - 33791. Calculate c(-65).
-56
Let a(f) = 555*f + 22181. What is a(-40)?
-19
Let v(p) = 45*p**2 - 167*p - 25. Calculate v(5).
265
Let t(f) = -2*f**2 + 195*f - 1467. Determine t(86).
511
Let p(l) = -2311*l - 6920. Determine p(-3).
13
Let k(a) = -93*a**2 - 77*a + 6. Calculate k(-1).
-10
Let y(d) = 27610*d - 193259. Give y(7).
11
Let s(u) = -281*u**2 - 18*u - 26. What is s(-1)?
-289
Let k(z) = -6*z**2 - 417*z - 2802. Calculate k(-62).
-12
Let f(z) = 5594*z**2 - 151049*z + 249. Calculate f(27).
-48
Let j(x) = -57842*x - 4048933. What is j(-70)?
7
Let g(m) = 4*m**3 + 42*m**2 + 17*m - 23. Determine g(-10).
7
Let g(y) = -25*y**3 + 259*y**2 + 200*y - 183. Determine g(11).
81
Let v(m) = -150031*m**2 - 450093*m - 9. Calculate v(-3).
-9
Let d(a) = a**2 - 615*a - 24823. What is d(-38)?
-9
Let m(h) = -18*h**3 - 102*h**2 + 214*h + 1080. Determine m(-6).
12
Let p(g) = g**3 - 68*g**2 + 93*g - 1454. Calculate p(67).
288
Let h(l) = 96*l**3 - 73*l**2 - 99*l - 25. What is h(-1)?
-95
Let p(b) = -7701*b - 57560. What is p(-8)?
4048
Let c(f) = -43*f**2 - 1829*f - 1205. Determine c(-42).
-239
Let b(v) = 2370*v**2 - v + 3780. What is b(0)?
3780
Let u(i) = -13193*i + 79155. Give u(6).
-3
Let a(w) = -5*w**3 - 105*w**2 - 681*w - 1681. What is a(-12)?
11
Let c(a) = -41*a**3 - 223*a**2 - 49*a - 103. Give c(-6).
1019
Let q(j) = -5*j**2 + 377*j + 1843. Calculate q(80).
3
Let g(x) = 91*x**2 - 2996*x - 269. Give g(33).
-38
Let o(h) = 23828*h - 4050768. Calculate o(170).
-8
Let k(i) = -i**3 + 19*i**2 - 173*i + 651. Calculate k(7).
28
Let v(p) = -154677*p - 464010. Give v(-3).
21
Let q(f) = -f**2 - 45*f + 26. What is q(3)?
-118
Let w(c) = 7858*c - 39373. Give w(5).
-83
Let q(u) = 223*u - 3651. Give q(15).
-306
Let i(o) = -229385*o - 2293901. What is i(-10)?
-51
Let a(z) = 12*z**2 - 263*z + 303. Give a(29).
2768
Let k(h) = -49090*h + 294336. What is k(6)?
-204
Let w(o) = -116*o + 18788. Give w(162).
-4
Let w(y) = 25175*y - 931460. Give w(37).
15
Let k(y) = 7*y**2 - 10087*y - 194163. What is k(-19)?
17
Let b(m) = -14233*m + 170795. What is b(12)?
-1
Let l(p) = 5*p**3 - 235*p**2 - 5439*p - 49. Calculate l(64).
15
Let c(s) = 2*s**2 + 77*s + 935. Determine c(-16).
215
Let g(x) = -8763*x + 2812921. Calculate g(321).
-2
Let z(a) = -798*a - 16825. Determine z(-21).
-67
Let d(b) = -38*b**2 - 6202*b + 11163. What is d(-165)?
-57
Let i(h) = -h**3 + 10*h**2 + 182*h - 1557. Calculate i(9).
162
Let m(z) = 2*z**2 - 601*z + 41741. Give m(109).
-6
Let d(f) = -f**3 + 4*f**2 - 9258*f + 37036. Give d(4).
4
Let p(o) = 1333*o - 151778. Determine p(114).
184
Let w(c) = -5*c**2 + 274*c - 434. Give w(53).
43
Let i(q) = 8*q**3 + 433*q**2 + 863*q - 100. Calculate i(-52).
992
Let u(k) = -36*k**2 - 10826*k - 6742. Calculate u(-300).
1058
Let o(j) = -7*j**3 - 206*j**2 + 459*j - 253. Determine o(1).
-7
Let j(v) = -514*v**2 - 3595*v + 15. Determine j(-7).
-6
Let c(o) = 2*o**3 + 4777*o**2 + 108793*o - 464. What is c(-23)?
-4
Let r(b) = -b**2 - 120*b - 1995. Calculate r(-23).
236
Let v(g) = g**3 + 42*g**2 + 376*g - 77. What is v(-29)?
-48
Let u(d) = -464*d - 7310. Calculate u(-14).
-814
Let t(o) = 4496*o**2 + 278770*o + 1110. What is t(-62)?
-6
Let n(p) = 2*p**2 - 111*p + 204. What is n(2)?
-10
Let b(r) = -r**3 + 31*r**2 - 156*r + 3996. Calculate b(30).
216
Let m(n) = -2*n**3 - 197*n**2 + 1622*n - 454. Give m(-106).
-3846
Let k(u) = -u**3 + 127*u**2 + 135*u - 17153. Give k(127).
-8
Let l(b) = -2*b**3 - 40*b**2 - 170*b - 346. What is l(-12)?
-610
Let q(x) = -6025*x - 463931. Determine q(-77).
-6
Let m(q) = 12448*q - 3136906. Give m(252).
-10
Let v(q) = -10*q**3 + 244*q**2 - 61*q + 266. Give v(24).
1106
Let m(k) = 28552*k + 199862. What is m(-7)?
-2
Let o(i) = 4*i**3 + 2*i**2 - 57*i - 132. Give o(-3).
-51
Let z(t) = -t**3 - 58*t**2 + 3627*t - 2004. Calculate z(-96).
12
Let a(o) = -10839*o - 67173. Calculate a(-6).
-2139
Let b(w) = -68397*w - 273484. Determine b(-4).
104
Let t(q) = -q**3 - 29*q**2 - 10316*q - 321746. Calculate t(-31).
-28
Let g(i) = -4*i**2 - 16278*i - 113781. Determine g(-7).
-31
Let l(k) = 4124*k + 5761249. Give l(-1397).
21
Let o(s) = 683*s + 17089. What is o(-25)?
14
Let r(a) = -a**3 + 104*a**2 + 354*a - 56864. Calculate r(102).
52
Let c(g) = -1987*g + 6588. What is c(3)?
627
Let h(z) = 184*z**2 + 2206*z - 13. What is h(-12)?
11
Let u(o) = -2119*o - 194947. What is u(-92)?
1
Let b(i) = i**3 + 32*i**2 - 674*i + 1154. Calculate b(13).
-3
Let m(g) = 2335*g - 55067. Determine m(23).
-1362
Let p(l) = -216*l - 3823. What is p(-17)?
-151
Let i(r) = -50943*r - 356568. What is i(-7)?
33
Let b(w) = -w**3 - 34*w**2 - 295*w - 5256. What is b(-30)?
-6
Let v(j) = -j**3 - 8*j**2 + 31*j + 165. Calculate v(-6).
-93
Let w(j) = -j**3 + 30*j**2 + 17*j + 652. Give w(31).
218
Let h(f) = 2*f**2 + 561*f + 778. What is h(-279)?
-59
Let v(a) = -2*a**2 + 15*a - 69. What is v(-19)?
-1076
Let h(n) = -557*n - 75619. Calculate h(-136).
133
Let a(y) = 67*y - 3984. Calculate a(5).
-3649
Let q(k) = -188*k**2 + 497*k - 350. What is q(1)?
-41
Let o(a) = -3*a**3 + 363*a**2 - 1628*a - 552. Determine o(5).
8
Let u(c) = -26*c**3 - 31*c**2 + 2*c + 1. Determine u(-3).
418
Let p(l) = 378449*l + 8325861. Calculate p(-22).
-17
Let g(s) = 66*s**2 + 154*s - 385. Give g(-4).
55
Let s(q) = -427485*q + 13252037. Determine s(31).
2
Let n(h) = -39*h + 1345. Give n(32).
97
Let c(r) = -r**3 + 117*r**2 - 187*r + 8204. Calculate c(116).
-32
Let v(c) = 907*c + 200526. Calculate v(-221).
79
Let j(x) = -35953*x + 467656. What is j(13)?
267
Let r(i) = 7*i**3 - 24*i**2 - 852*i + 4196. What is r(5)?
211
Let d(a) = -a**3 + 32*a**2 - 63*a - 265. Calculate d(28).
1107
Let a(o) = 2*o**2 + 158*o + 1793. Determine a(-69).
413
Let g(b) = -3165*b - 9196. Give g(-3).
299
Let w(l) = -1290*l + 87751. What is w(68)?
31
Let z(p) = p**3 + 8*p**2 - 241*p - 2228. Give z(-11).
60
Let w(g) = g**3 - 82*g**2 - 27*g + 8622. Determine w(81).
-126
Let q(s) = 3*s**2 + 745*s - 12158. Determine q(16).
530
Let l(u) = 5*u**2 + 556*u - 24469. What is l(-145)?
36
Let c(i) = -i**2 + 224*i + 199. What is c(0)?
199
Let f(c) = -c**3 + 143*c**2 - 4874*c + 104. What is f(87)?
-70
Let i(b) = 24*b**2 - 1922*b + 16964. Calculate i(10).
144
Let s(f) = -226*f**2 + 552*f. What is s(2)?
200
Let b(a) = 182*a**3 - 11825*a**2 - 323*a - 132. What is b(65)?
-2
Let g(l) = 73410*l - 17985451. What is g(245)?
-1
Let v(k) = -157*k**